{"id":37,"date":"2017-03-05T17:46:17","date_gmt":"2017-03-05T16:46:17","guid":{"rendered":"http:\/\/wrobelvision.com\/?page_id=37"},"modified":"2021-09-28T14:14:09","modified_gmt":"2021-09-28T12:14:09","slug":"lectures","status":"publish","type":"page","link":"https:\/\/wrobelvision.com\/index.php\/lectures\/","title":{"rendered":"Lectures"},"content":{"rendered":"<h4>1. Wyklad autobiograficzny na 100-lecie Instytutu Fizyki UW (11.09.2021)<\/h4>\n<div class=\"arve aligncenter\" data-mode=\"normal\" data-provider=\"html5\" id=\"arve-html5-\" style=\"max-width:400px;\">\n<div class=\"arve-inner\">\n<div class=\"arve-embed\">\n<video controls controlslist=\"nodownload noremoteplayback\" preload=\"metadata\" poster=\"https:\/\/wrobelvision.com\/wp-content\/uploads\/2021\/09\/Wyklad_autobiograficzny.jpg\" data-arve=\"arve-html5-\" class=\"arve-video fitvidsignore\">\n<source type=\"video\/mp4\" src=\"https:\/\/wrobelvision.com\/movies\/Wyklad_autobiograficzny.mp4\">\n<\/video>\n\n<\/div>\n\n<\/div>\n<script type=\"application\/ld+json\">{\"@context\":\"http:\\\/\\\/schema.org\\\/\",\"@id\":\"https:\\\/\\\/wrobelvision.com\\\/index.php\\\/lectures\\\/#arve-html5-\",\"type\":\"VideoObject\",\"contentURL\":\"https:\\\/\\\/wrobelvision.com\\\/movies\\\/Wyklad_autobiograficzny.mp4\",\"name\":\"Wyklad autobiograficzny na 100-lecie Instytutu Fizyki UW\",\"thumbnailUrl\":\"https:\\\/\\\/wrobelvision.com\\\/wp-content\\\/uploads\\\/2021\\\/09\\\/Wyklad_autobiograficzny.jpg\"}<\/script>\n<\/div>\n\n<h4>2. &#8220;M\u00f3zg i \u015bwiadomo\u015b\u0107&#8221; &#8211; wyk\u0142ad (9.02.2021)<\/h4>\n<div class=\"arve aligncenter\" data-mode=\"normal\" data-provider=\"html5\" id=\"arve-html5--2\" style=\"max-width:400px;\">\n<div class=\"arve-inner\">\n<div class=\"arve-embed\">\n<video controls controlslist=\"nodownload noremoteplayback\" preload=\"metadata\" poster=\"https:\/\/wrobelvision.com\/wp-content\/uploads\/2021\/04\/Mozg_i_swiadomosc.png\" data-arve=\"arve-html5--2\" class=\"arve-video fitvidsignore\">\n<source type=\"video\/mp4\" src=\"https:\/\/wrobelvision.com\/movies\/Mozg_i_swiadomosc.mp4\">\n<\/video>\n\n<\/div>\n\n<\/div>\n<script type=\"application\/ld+json\">{\"@context\":\"http:\\\/\\\/schema.org\\\/\",\"@id\":\"https:\\\/\\\/wrobelvision.com\\\/index.php\\\/lectures\\\/#arve-html5--2\",\"type\":\"VideoObject\",\"contentURL\":\"https:\\\/\\\/wrobelvision.com\\\/movies\\\/Mozg_i_swiadomosc.mp4\",\"name\":\"M\\u00f3zg i \\u015bwiadomo\\u015bc\",\"thumbnailUrl\":\"https:\\\/\\\/wrobelvision.com\\\/wp-content\\\/uploads\\\/2021\\\/04\\\/Mozg_i_swiadomosc.png\"}<\/script>\n<\/div>\n\n<h4>3. &#8220;Jak widzi m\u00f3zg&#8221; &#8211; Konferencja Nowe Media &#8211; \u015awiat wirtualny a percepcja sztuki, Warszawa (29.11.2012)<\/h4>\n<div class=\"arve aligncenter\" data-mode=\"normal\" data-provider=\"html5\" id=\"arve-html5--3\" style=\"max-width:400px;\">\n<div class=\"arve-inner\">\n<div class=\"arve-embed\">\n<video controls controlslist=\"nodownload noremoteplayback\" preload=\"metadata\" poster=\"https:\/\/wrobelvision.com\/wp-content\/uploads\/2021\/04\/Jak_widzi_mozg_-_od_receptora_do_percepcji.png\" data-arve=\"arve-html5--3\" class=\"arve-video fitvidsignore\">\n<source type=\"video\/mp4\" src=\"https:\/\/wrobelvision.com\/movies\/Jak_widzi_mozg_-_od_receptora_do_percepcji.mp4\">\n<\/video>\n\n<\/div>\n\n<\/div>\n<script type=\"application\/ld+json\">{\"@context\":\"http:\\\/\\\/schema.org\\\/\",\"@id\":\"https:\\\/\\\/wrobelvision.com\\\/index.php\\\/lectures\\\/#arve-html5--3\",\"type\":\"VideoObject\",\"contentURL\":\"https:\\\/\\\/wrobelvision.com\\\/movies\\\/Jak_widzi_mozg_-_od_receptora_do_percepcji.mp4\",\"name\":\"Jak widzi m\\u00f3zg\",\"thumbnailUrl\":\"https:\\\/\\\/wrobelvision.com\\\/wp-content\\\/uploads\\\/2021\\\/04\\\/Jak_widzi_mozg_-_od_receptora_do_percepcji.png\"}<\/script>\n<\/div>\n\n","protected":false},"excerpt":{"rendered":"<p>1. Wyklad autobiograficzny na 100-lecie Instytutu Fizyki UW (11.09.2021) 2. &#8220;M\u00f3zg i \u015bwiadomo\u015b\u0107&#8221; &#8211; wyk\u0142ad (9.02.2021) 3. &#8220;Jak widzi m\u00f3zg&#8221; &#8211; Konferencja Nowe Media &#8211; \u015awiat wirtualny a percepcja sztuki, Warszawa (29.11.2012)<\/p>\n","protected":false},"author":3,"featured_media":0,"parent":0,"menu_order":0,"comment_status":"closed","ping_status":"closed","template":"","meta":{"footnotes":""},"class_list":["post-37","page","type-page","status-publish","hentry"],"_links":{"self":[{"href":"https:\/\/wrobelvision.com\/index.php\/wp-json\/wp\/v2\/pages\/37","targetHints":{"allow":["GET"]}}],"collection":[{"href":"https:\/\/wrobelvision.com\/index.php\/wp-json\/wp\/v2\/pages"}],"about":[{"href":"https:\/\/wrobelvision.com\/index.php\/wp-json\/wp\/v2\/types\/page"}],"author":[{"embeddable":true,"href":"https:\/\/wrobelvision.com\/index.php\/wp-json\/wp\/v2\/users\/3"}],"replies":[{"embeddable":true,"href":"https:\/\/wrobelvision.com\/index.php\/wp-json\/wp\/v2\/comments?post=37"}],"version-history":[{"count":21,"href":"https:\/\/wrobelvision.com\/index.php\/wp-json\/wp\/v2\/pages\/37\/revisions"}],"predecessor-version":[{"id":422,"href":"https:\/\/wrobelvision.com\/index.php\/wp-json\/wp\/v2\/pages\/37\/revisions\/422"}],"wp:attachment":[{"href":"https:\/\/wrobelvision.com\/index.php\/wp-json\/wp\/v2\/media?parent=37"}],"curies":[{"name":"wp","href":"https:\/\/api.w.org\/{rel}","templated":true}]}}

<h4>1. Wyklad autobiograficzny na 100-lecie Instytutu Fizyki UW (11.09.2021)</h4>
<div class="arve aligncenter" data-mode="normal" data-provider="html5" id="arve-html5-" style="max-width:400px;">
<div class="arve-inner">
<div class="arve-embed">
<video controls controlslist="nodownload noremoteplayback" preload="metadata" poster="https://wrobelvision.com/wp-content/uploads/2021/09/Wyklad_autobiograficzny.jpg" data-arve="arve-html5-" class="arve-video fitvidsignore">
<source type="video/mp4" src="https://wrobelvision.com/movies/Wyklad_autobiograficzny.mp4">
</video>

</div>

</div>
<script type="application/ld+json">{"@context":"http:\/\/schema.org\/","@id":"https:\/\/wrobelvision.com\/index.php\/lectures\/#arve-html5-","type":"VideoObject","contentURL":"https:\/\/wrobelvision.com\/movies\/Wyklad_autobiograficzny.mp4","name":"Wyklad autobiograficzny na 100-lecie Instytutu Fizyki UW","thumbnailUrl":"https:\/\/wrobelvision.com\/wp-content\/uploads\/2021\/09\/Wyklad_autobiograficzny.jpg"}</script>
</div>

<h4>2. &#8220;Mózg i świadomość&#8221; &#8211; wykład (9.02.2021)</h4>
<div class="arve aligncenter" data-mode="normal" data-provider="html5" id="arve-html5--2" style="max-width:400px;">
<div class="arve-inner">
<div class="arve-embed">
<video controls controlslist="nodownload noremoteplayback" preload="metadata" poster="https://wrobelvision.com/wp-content/uploads/2021/04/Mozg_i_swiadomosc.png" data-arve="arve-html5--2" class="arve-video fitvidsignore">
<source type="video/mp4" src="https://wrobelvision.com/movies/Mozg_i_swiadomosc.mp4">
</video>

</div>

</div>
<script type="application/ld+json">{"@context":"http:\/\/schema.org\/","@id":"https:\/\/wrobelvision.com\/index.php\/lectures\/#arve-html5--2","type":"VideoObject","contentURL":"https:\/\/wrobelvision.com\/movies\/Mozg_i_swiadomosc.mp4","name":"M\u00f3zg i \u015bwiadomo\u015bc","thumbnailUrl":"https:\/\/wrobelvision.com\/wp-content\/uploads\/2021\/04\/Mozg_i_swiadomosc.png"}</script>
</div>

<h4>3. &#8220;Jak widzi mózg&#8221; &#8211; Konferencja Nowe Media &#8211; Świat wirtualny a percepcja sztuki, Warszawa (29.11.2012)</h4>
<div class="arve aligncenter" data-mode="normal" data-provider="html5" id="arve-html5--3" style="max-width:400px;">
<div class="arve-inner">
<div class="arve-embed">
<video controls controlslist="nodownload noremoteplayback" preload="metadata" poster="https://wrobelvision.com/wp-content/uploads/2021/04/Jak_widzi_mozg_-_od_receptora_do_percepcji.png" data-arve="arve-html5--3" class="arve-video fitvidsignore">
<source type="video/mp4" src="https://wrobelvision.com/movies/Jak_widzi_mozg_-_od_receptora_do_percepcji.mp4">
</video>

</div>

</div>
<script type="application/ld+json">{"@context":"http:\/\/schema.org\/","@id":"https:\/\/wrobelvision.com\/index.php\/lectures\/#arve-html5--3","type":"VideoObject","contentURL":"https:\/\/wrobelvision.com\/movies\/Jak_widzi_mozg_-_od_receptora_do_percepcji.mp4","name":"Jak widzi m\u00f3zg","thumbnailUrl":"https:\/\/wrobelvision.com\/wp-content\/uploads\/2021\/04\/Jak_widzi_mozg_-_od_receptora_do_percepcji.png"}</script>
</div>

<p>1. Wyklad autobiograficzny na 100-lecie Instytutu Fizyki UW (11.09.2021) 2. &#8220;Mózg i świadomość&#8221; &#8211; wykład (9.02.2021) 3. &#8220;Jak widzi mózg&#8221; &#8211; Konferencja Nowe Media &#8211; Świat wirtualny a percepcja sztuki, Warszawa (29.11.2012)</p>
