{"id":27,"date":"2017-03-05T17:44:42","date_gmt":"2017-03-05T16:44:42","guid":{"rendered":"http:\/\/wrobelvision.com\/?page_id=27"},"modified":"2021-07-06T11:18:43","modified_gmt":"2021-07-06T09:18:43","slug":"thegroup","status":"publish","type":"page","link":"https:\/\/wrobelvision.com\/index.php\/thegroup\/","title":{"rendered":"the group"},"content":{"rendered":"<p>prof. Andrzej Wr\u00f3bel, Ph.D., D.Sc. (<a href=\"https:\/\/wrobelvision.com\/?sdm_process_download=1&amp;download_id=347\" target=\"_blank\" rel=\"noopener noreferrer\">CV<\/a>) (<a href=\"mailto:wrobel@nencki.gov.pl\">e-mail<\/a>)<\/p>\n<p><strong>Associates:<\/strong><\/p>\n<p>Jacek Rogala, Ph.D. (<a href=\"mailto:j.rogala@nencki.gov.pl\">e-mail<\/a>)<br \/>\nUrszula Malinowska, Ph.D. (<a href=\"mailto:u.malinowska@nencki.edu.pl\">e-mail<\/a>)<\/p>\n<p><strong>PhD students:<\/strong><br \/>\nMarek Walig\u00f3ra, M.Sc. (<a href=\"mailto:m.waligora@nencki.edu.pl\">e-mail<\/a>)<br \/>\nMarcin Penconek, M. Sc. (<a href=\"mailto:m.penconek2@uw.edu.pl\">e-mail<\/a>)<\/p>\n<p><strong>Alumni and former assistants:<\/strong><br \/>\nEwa Kublik, Ph.D., D.Sc (<a href=\"mailto:e.kublik@nencki.gov.pl\">e-mail<\/a>)<br \/>\nMarek Bekisz, Ph.D. (<a href=\"mailto:m.bekisz@nencki.gov.pl\">e-mail<\/a>)<br \/>\nKatarzyna Jurewicz, Ph.D. (<a href=\"mailto:k.jurewicz@nencki.gov.pl\">e-mail<\/a>)<br \/>\n\u2028Katarzyna Paluch, Ph.D. (<a href=\"mailto:k.paluch@nencki.gov.pl\">e-mail<\/a>)<br \/>\nSyune Nersisyan, Ph.D.<br \/>\n\u2028Jan Kami\u0144ski, Ph.D. (<a href=\"mailto:j.kaminski@nencki.gov.pl\">e-mail<\/a>)<br \/>\n\u2028Aleksander Sobolewski, Ph.D. (<a href=\"mailto:a.sobolewski@nencki.gov.pl\">e-mail<\/a>)\u2028<br \/>\nMarek Wypych, Ph.D. (<a href=\"mailto:m.wypych@nencki.gov.pl\">e-mail<\/a>)<br \/>\nDaniel \u015awiejkowski, M.D., Ph.D. (<a href=\"mailto:d.swiejkowski@nencki.gov.pl\">e-mail<\/a>)<br \/>\n\u2028Anaida Ghazaryan, Ph.D.\u2028<br \/>\nStanis\u0142aw J. Panecki, Ph.D. (<a href=\"mailto:panecki@nencki.gov.pl\">e-mail<\/a>)<br \/>\nPawe\u0142 Musia\u0142, Ph.D.<\/p>\n<p>&nbsp;<\/p>\n<hr>\n<p><strong>Supervision of Ph.D. theses:<\/strong><\/p>\n<p class=\"akapit\">Marek Bekisz, <em>Pobudzaj\u0105ca i hamuj\u0105ca p\u0119tla sprz\u0119\u017cenia zwrotnego cia\u0142a kolankowatego bocznego u kota<\/em>, Zak\u0142ad Neurofizjologii Instytutu Biologii Do\u015bwiadczalnej PAN, Warszawa, 1994.<\/p>\n<p class=\"akapit\">Pawe\u0142 Musia\u0142, <em>Przetwarzanie informacji w kolumnie kory bary\u0142kowej szczura<\/em>, Zak\u0142ad Neurofizjologii Instytutu Biologii Do\u015bwiadczalnej PAN, Warszawa, 1998.<\/p>\n<p class=\"akapit\">Stanis\u0142aw Panecki, <em>Opis aktywno\u015bci elektrycznej b\u0142ony neuronu determinowanej przez struktur\u0119 energetyczn\u0105 kana\u0142\u00f3w jonowych zale\u017cnych od napi\u0119cia<\/em>, Zak\u0142ad Neurofizjologii Instytutu Biologii Do\u015bwiadczalnej PAN, Warszawa, 1998.<\/p>\n<p class=\"akapit\">Ewa Kublik, <em>Modulacja przep\u0142ywu informacji czuciowej w korze bary\u0142kowej szczura wywo\u0142na dzia\u0142aniem nowych bod\u017ac\u00f3w awersyjnych<\/em>, Zak\u0142ad Neurofizjologii Instytutu Biologii Do\u015bwiadczalnej PAN, Warszawa, 2001.<\/p>\n<p class=\"akapit\">Kalina Burnat, <em>Wykrywanie ruchu przez koty pozbawione widzenia kszta\u0142t\u00f3w we wczesnym okresie \u017cycia<\/em>, Zak\u0142ad Neurofizjologii Instytutu Biologii Do\u015bwiadczalnej PAN, Warszawa, 2003.<\/p>\n<p class=\"akapit\">Daniel \u015awiejkowski, <em>Udzia\u0142 projekcji korowo-wzg\u00f3rzowej w aktywno\u015bci wzg\u00f3rza wywo\u0142anej stymulacj\u0105 wibrys<\/em>, Zak\u0142ad Neurofizjologii Instytutu Biologii Do\u015bwiadczalnej PAN, Warszawa, 2007.<\/p>\n<p class=\"akapit\">Aleksander Sobolewski, <em>Dynamika funkcjonalna korowo-wzg\u00f3rzowej cz\u0119\u015bci uk\u0142adu czuciowego szczura w r\u00f3\u017cnych stanach wzbudzenia<\/em>, Zak\u0142ad Neurofizjologii Instytutu Biologii Do\u015bwiadczalnej PAN, Warszawa, 2011.<\/p>\n<p class=\"akapit\">Mateusz Gola, <em>Elektrofizjologiczne wska\u017aniki obni\u017cenia sprawno\u015bci uwagi w procesie starzenia<\/em>, Szko\u0142a Wy\u017csza Psychologii Spo\u0142ecznej, Warszawa, 2011.<\/p>\n<p class=\"akapit\">Jan Kami\u0144ski, <em>Mechanizmy integracji zmys\u0142owej u szczura: rola synaps elektrycznych<\/em>, Zak\u0142ad Neurofizjologii Instytutu Biologii Do\u015bwiadczalnej PAN, Warszawa, 2012.<\/p>\n<p class=\"akapit\">Syune Nersisyan, <em>Cholinergic and noradrenergic modulation of corticothalamic synaptic input from layer 6 to the posteromedial thalamic nucleus<\/em>, Zak\u0142ad Neurofizjologii Instytutu Biologii Do\u015bwiadczalnej PAN i Linkoping University, Warszawa, 2016.<\/p>\n<p class=\"akapit\">Katarzyna Jurewicz, <em>Rola styku skroniowo-ciemieniowego w aktualizacji przedmiotu uwagi<\/em>, Instytut Biologii Do\u015bwiadczalnej PAN, Warszawa, 2018.<\/p>\n<p class=\"akapit\">Katarzyna Paluch, <em>M\u00f3zgowe korelaty konfliktu szybko\u015b\u0107-poprawno\u015b\u0107 oraz jego wp\u0142yw na uwag\u0119 antycypacyjn\u0105<\/em>, Instytut Biologii Do\u015bwiadczalnej PAN, Warszawa, 2019.<\/p>\n<p>&nbsp;<\/p>\n<p><strong>Supervision of Master theses:<\/strong><\/p>\n<p class=\"akapit\">Pawe\u0142 Musia\u0142, <em>Jednostka przetwarzania informacji w ciele kolankowatym bocznym uk\u0142adu\u2028wzrokowego kota<\/em>, Zak\u0142ad Neurofizjologii Instytutu Biologii Do\u015bwiadczalnej PAN, Warszawa, 1992.<\/p>\n<p class=\"akapit\">Cezary Nowosad, <em>Zmiany aktywno\u015bci kory bary\u0142kowej szczura podczas procedury warunkowania rejestrowane metod\u0105 potencja\u0142\u00f3w wywo\u0142anych<\/em>, Wydzia\u0142 Fizyki Uniwersytetu Warszawskiego, Warszawa, 1999.<\/p>\n<p class=\"akapit\">S\u0142awomir Jab\u0142onowski, <em>Analiza sk\u0142adowych cz\u0119stotliwo\u015bciowych sygna\u0142u EEG rejestrowanego w do\u015bwiadczeniach behawioralnych z warunkowaniem klasycznym<\/em>, Wydzia\u0142 Fizyki Uniwersytetu Warszawskiego, Warszawa, 2001.<\/p>\n<p class=\"akapit\">Joanna Smyda, <em>Neurofizjologiczny mechanizm uwagi w procesie uczenia si\u0119 kot\u00f3w<\/em>, Akademia Pedagogiki Specjalnej im. M. Grzegorzewskiej, Warszawa, 2005.<\/p>\n<p class=\"akapit\">Urszula Strza\u0142ek, <em>Fizjologiczne korelaty pobudzenia kory m\u00f3zgu<\/em>, Szko\u0142a Wy\u017csza Psychologii Spo\u0142ecznej, Warszawa, 2007.<\/p>\n<p class=\"akapit\">Ewa Baran, <em>Znaczenie bioelektrycznej aktywno\u015bci beta i gamma w procesach uwagi i percepcji wzrokowej<\/em>, Szko\u0142a Wy\u017csza Psychologii Spo\u0142ecznej, Warszawa, 2007.<\/p>\n<p class=\"akapit\">Aleksander Sobolewski, <em>Funkcjonalny charakter epizod\u00f3w oscylacji w pa\u015bmie alfa w korze bary\u0142kowej szczur\u00f3w rasy Wistar i Long-Evans<\/em>, Szko\u0142a Wy\u017csza Psychologii Spo\u0142ecznej, Warszawa, 2007.<\/p>\n<p class=\"akapit\">Jan Kami\u0144ski, <em>Uwaga wzrokowa a aktywno\u015b\u0107 w p\u0119tlach korowo-wzg\u00f3rzowych: rola dw\u00f3ch strumieni pasma beta<\/em>,  Szko\u0142a Wy\u017csza Psychologii Spo\u0142ecznej, Warszawa, 2007.<\/p>\n<p class=\"akapit\">Mateusz Gola, <em>Aktywno\u015b\u0107 EEG w pa\u015bmie beta jako neuronalny korelat uwagi &#8211; zmiany zwi\u0105zane z wiekiem<\/em>, SWPS, Warszawa, 2008.<\/p>\n<p class=\"akapit\">Marcin Posel, <em>Neuronalne korelaty adaptacji w asocjacyjnej korze wzrokowej na przyk\u0142adzie pola wrzecionowatego twarzy (FFA) &#8211; badanie fMRI<\/em>, Szko\u0142a Wy\u017csza Psychologii Spo\u0142ecznej, SWPS, 2011\u2028.<\/p>\n","protected":false},"excerpt":{"rendered":"<p>prof. Andrzej Wr\u00f3bel, Ph.D., D.Sc. (CV) (e-mail) Associates: Jacek Rogala, Ph.D. (e-mail) Urszula Malinowska, Ph.D. (e-mail) PhD students: Marek Walig\u00f3ra, M.Sc. (e-mail) Marcin Penconek, M. Sc. (e-mail) Alumni and former assistants: Ewa Kublik, Ph.D., D.Sc (e-mail) Marek Bekisz, Ph.D. (e-mail) Katarzyna Jurewicz, Ph.D. (e-mail) \u2028Katarzyna Paluch, Ph.D. (e-mail) Syune Nersisyan, Ph.D. \u2028Jan Kami\u0144ski, Ph.D. (e-mail) [&hellip;]<\/p>\n","protected":false},"author":3,"featured_media":0,"parent":0,"menu_order":0,"comment_status":"closed","ping_status":"closed","template":"","meta":{"footnotes":""},"class_list":["post-27","page","type-page","status-publish","hentry"],"_links":{"self":[{"href":"https:\/\/wrobelvision.com\/index.php\/wp-json\/wp\/v2\/pages\/27","targetHints":{"allow":["GET"]}}],"collection":[{"href":"https:\/\/wrobelvision.com\/index.php\/wp-json\/wp\/v2\/pages"}],"about":[{"href":"https:\/\/wrobelvision.com\/index.php\/wp-json\/wp\/v2\/types\/page"}],"author":[{"embeddable":true,"href":"https:\/\/wrobelvision.com\/index.php\/wp-json\/wp\/v2\/users\/3"}],"replies":[{"embeddable":true,"href":"https:\/\/wrobelvision.com\/index.php\/wp-json\/wp\/v2\/comments?post=27"}],"version-history":[{"count":60,"href":"https:\/\/wrobelvision.com\/index.php\/wp-json\/wp\/v2\/pages\/27\/revisions"}],"predecessor-version":[{"id":393,"href":"https:\/\/wrobelvision.com\/index.php\/wp-json\/wp\/v2\/pages\/27\/revisions\/393"}],"wp:attachment":[{"href":"https:\/\/wrobelvision.com\/index.php\/wp-json\/wp\/v2\/media?parent=27"}],"curies":[{"name":"wp","href":"https:\/\/api.w.org\/{rel}","templated":true}]}}